e of 139*b**2 - 28*b - 20. What is the hundreds digit of c(4)?
0
Let b(d) = 3084*d**2 - 16*d + 8. What is the thousands digit of b(-2)?
2
Let q(v) = -675*v + 691*v + 406 - 73. What is the hundreds digit of q(0)?
3
Suppose -3*z - 2*k + 215 = 2*z, 5*z - 240 = 3*k. Let a = z + -3. What is the units digit of a?
2
What is the tens digit of (-100)/225 + (-679764)/(-27)?
7
Let x(l) = -2*l**2 + 43*l - 6. Let g be x(28). Let k = 201 - g. What is the hundreds digit of k?
5
Let w(t) = -2*t**3 - 80*t**2 + 21*t - 82. What is the thousands digit of w(-41)?
2
Let z = -20898 - -49309. What is the units digit of z?
1
Let j = -50 - -52. Suppose -j*k - 1 = 1. Let y(m) = -46*m**3 - m**2 - 2*m - 2. What is the units digit of y(k)?
5
What is the tens digit of -6 - ((-3520)/(6 + -4) + (35 - 29))?
4
Let x(o) = o**2 + 32*o - 208. Let j be x(-38). Suppose 3*g + n - 1135 = 0, 0 = -4*g + 16*n - j*n + 1524. What is the tens digit of g?
7
Let t be (-36)/(-10) - 14/(-35) - 1. Suppose -2*j + 20 = t*j. Let s(d) = 2*d**3 + d**2 - 8*d + 17. What is the hundreds digit of s(j)?
1
Let d(x) = 14*x**2 - 31*x + 219. Suppose -33 = -3*j - 3*f, -2*j - 3*j = 2*f - 46. What is the units digit of d(j)?
7
Let j(q) = 7*q**2 + 17*q + 29. Let x be (-944)/112 - 3/(-7). What is the units digit of j(x)?
1
Let y(i) = -3*i**2 + 2*i + 8. Let w = -74 + 79. Let r be y(w). Let b = 10 - r. What is the tens digit of b?
6
Let n be 986601/63 - (-1)/(-3). Suppose 6*h = -23*h + n. What is the units digit of h?
0
Let v be (-5 - 4) + 3 + 16. Suppose v*q - 1913 = 417. What is the units digit of q?
3
Let b(k) = 795*k**2 - 12*k - 107. What is the hundreds digit of b(-4)?
6
Let q(s) = 6*s**3 + 15*s**2 - 9*s - 60. What is the hundreds digit of q(7)?
6
Suppose 3*c = -56*m + 55*m + 28069, -5*m + 140364 = -4*c. What is the units digit of m?
2
What is the units digit of 2/(-26) - (2 + (-1292016)/143)?
3
Suppose 8 = 5*x - u, 2*x + 3*x + 4*u = 18. Let s(z) = 4*z**2 - 4*z + 6. What is the tens digit of s(x)?
1
Let n = 618 - -6856. What is the hundreds digit of n?
4
What is the tens digit of (-6080)/(-912)*(-234)/24*-6*83?
7
Suppose k - 2 = -5*d, -6 = -4*d - 2*k - 2. Let t = 4958 - 4916. Suppose d = 2*x + t - 162. What is the units digit of x?
0
Let p(a) = a**3 + 9*a**2 - a - 17. Let m be p(-7). Let h = -79 + m. Suppose -h*f + 6*f = -36. What is the tens digit of f?
1
Suppose 5*q + 18 = 8*q. Suppose -q*y - 4 = 32. What is the tens digit of 272/6 - 4/y?
4
Suppose -29*u - 28*u + 431522 = -43*u. What is the ten thousands digit of u?
3
Suppose -j + 1692 - 14855 = -k, -2*j - 13168 = -k. What is the thousands digit of k?
3
Let k = 526 - 1022. What is the hundreds digit of 6 + (-1 - k)/1?
5
Let v be 1/(84/(-18) + 5). Suppose o - 2*m - v*m = 101, 2*m + 482 = 5*o. What is the tens digit of o?
9
What is the ten thousands digit of (12729/210 + 54/(-252))*430?
2
Let l(u) = 599*u**2 + 19*u - 38. What is the thousands digit of l(5)?
5
Suppose 20 = -5*s, 3*x + 7*s = 10*s + 30. What is the thousands digit of (-3725)/(-2) - 4*x/48?
1
Let q = -23 + 27. Suppose -567 = q*h - 4263. Suppose -6*i + h = i. What is the hundreds digit of i?
1
Suppose -4*c - 28 = 5*v, v - 4 = -3*c - 14. What is the thousands digit of (-3)/12 + (-11)/v*443?
1
What is the ten thousands digit of (964400/42 - -3) + 82/861?
2
Let v(z) = 12*z**3 + z**2 - 1. Let b be v(1). Suppose -3*y + b = y. Suppose -2*k - 174 = -2*o, 427 = 5*o - y*k - 0*k. What is the units digit of o?
3
Let u = -15675 - -20044. What is the tens digit of u?
6
Suppose 0 = -4*f + 12*s - 15*s + 73807, -2*f + 3*s + 36881 = 0. What is the thousands digit of f?
8
Let w = -69736 + 124935. What is the thousands digit of w?
5
Let s = 2 - 4. Let q(t) be the second derivative of -7*t**3/2 + 3*t**2/2 - 391*t. What is the tens digit of q(s)?
4
Let i = -83 + 92. Let a = i - 15. What is the tens digit of 75 + (12/8)/(3/a)?
7
Let k(l) = -4*l**2 + 8*l - 28. Let t be k(3). What is the tens digit of (t/2)/(5 + (-306)/60)?
0
Suppose 0 = -112*t - 71623 + 558375. What is the units digit of t?
6
Suppose -2946*z = -2955*z + 70299. What is the hundreds digit of z?
8
Suppose -10*r + 25*r - 510 = 0. What is the hundreds digit of ((4 - -5) + 1)*r?
3
Suppose -620 = 7*m - 109. Let u = m + 82. What is the units digit of 167 + u/(-6)*16/(-12)?
9
Suppose -345 = 5*j + 18*j. Suppose -q + 24 = 3*q. What is the units digit of (q/j)/(2/(-20))?
4
Suppose -6*y = -3*y - 12. Suppose y*t = -3*t - 784. Let s = -27 - t. What is the units digit of s?
5
Suppose -221 = -23*w + 331. What is the units digit of ((-18)/w)/(1 - 61/60)?
5
Suppose 2*c - 13376 = -4*y, -2*y - 12112 = -4*c + 14670. What is the hundreds digit of c?
6
Suppose -8*l - 190 = -6*l. Let d = 347 + -199. Let k = d + l. What is the units digit of k?
3
Let k = 22 - 22. Let a be (-1 + k)*(-197 - (4 + -2)). Let w = a + -142. What is the units digit of w?
7
Let i be 5/(-2)*(-5 - -27). What is the units digit of -2 + i*-12*(-2)/(-10)?
0
Suppose -2*h + 26051 = j, -52 = j - 55. What is the ten thousands digit of h?
1
Let g be ((-459966)/(-52))/(3/2). Suppose 16*y + 1145 = g. What is the hundreds digit of y?
2
Suppose 5*o - 105952 = 65*q - 68*q, 4*o - 176565 = -5*q. What is the ten thousands digit of q?
3
What is the tens digit of -5 - (4 - 3) - (-31158 - -47)?
0
Let n(b) = b**2 - 12*b - 26. Let i be n(14). What is the units digit of 898 + 4/i + 7?
7
Suppose 332*x = 328*x + 36. Suppose -16*c = -x*c - 5558. What is the hundreds digit of c?
7
Suppose 3 = 3*b, 4*f + b - 7 = -10. What is the hundreds digit of ((-31)/(-31))/(f/(-523))?
5
Let n be -8*(55/(-10) + 3). Let y be 3152/n - 9/15. Suppose 327 = -y*s + 160*s. What is the tens digit of s?
0
Let m(g) be the third derivative of 58*g**5/15 - g**4/12 + 7*g**2 + 6. What is the hundreds digit of m(-1)?
2
Let q(n) = -4*n - 6. Let k(z) = -2*z + 1. Let a(f) = k(f) + q(f). Let m(u) = -u**3 - 6*u**2 - 3*u + 3. Let o be m(-5). What is the tens digit of a(o)?
3
Suppose 15*s + 2*s - 34 = 0. Suppose 5*n - 824 = 4*v, -170 = -3*n + s*v + 324. What is the tens digit of n?
6
Suppose 71*j - 181299 = 354183. What is the units digit of j?
2
Let x(w) = 33*w**2 - 3*w + 11. Let b be x(2). Suppose a = -1, -b = -2*k - a + 1034. Suppose -233 = -2*c + q, -q = -0*c + 5*c - k. What is the tens digit of c?
1
Suppose 4*f - 2766 = -5*a, -2*f - 3*a - a + 1380 = 0. Suppose 6*r + f = 8*r. Let m = 538 - r. What is the hundreds digit of m?
1
Suppose 4*f = r - 62 - 213, 3*f = 6. Let v = -587 + r. Let o = v - -460. What is the hundreds digit of o?
1
Suppose -364751 = -16*w + 70353. What is the tens digit of w?
9
Suppose o + 5*c - c = -6, 4*o + 3*c = 2. What is the units digit of (-3)/3 + 208 - (-1 + o)?
6
Let k(v) = 49*v - 152. Suppose -82*f = -75*f - 42. What is the units digit of k(f)?
2
Let l = -30 - 214. Let b = 380 + l. What is the tens digit of b?
3
Suppose 24*o = 27*o - 1503. What is the hundreds digit of o?
5
Suppose 5*j + t - 44 = -t, 0 = -j - 3*t + 14. Suppose -a - 4*w - 7 - 9 = 0, 2*w = 2*a - j. Suppose a = 41*s - 46*s + 845. What is the hundreds digit of s?
1
Let m(d) = 357*d + 10439. What is the units digit of m(51)?
6
Suppose -5 = -c + w, -5*c - 5*w = -5 - 40. Suppose 17216 = 25*q + c*q. What is the tens digit of q?
3
Suppose -6*i + 11*i + 20 = 0. Let k be (-56)/(-16) - 2/i. Suppose -4*m = -k*a - 688, -4*a = 4*m - 9*m + 860. What is the hundreds digit of m?
1
Let g(p) = -3*p**3. Let i be g(-1). What is the tens digit of ((-1704)/20)/(i/(-15))?
2
Suppose 175*c - 152*c - 148350 = 0. What is the thousands digit of c?
6
Suppose 0 = -2*c + 4*c - 4*b - 14, b = -5*c + 13. Suppose 0 = -c*f - 3*i + 4359, -2*f + i + 2908 = 2*i. What is the thousands digit of f?
1
Suppose 58465 + 434247 = 44*m. What is the thousands digit of m?
1
Suppose 5*i + 4080 = 5*g - 4580, 0 = 3*g + 4*i - 5224. What is the thousands digit of g?
1
Suppose 0 = -10*v + 7*v + 20318 + 4717. What is the units digit of v?
5
Suppose -3*p + 24844 = -4*j - 27571, -3*j = -5*p + 87340. What is the thousands digit of p?
7
Let v(t) = -833*t - 7075. What is the hundreds digit of v(-29)?
0
Let m(h) = -5336*h + 140. What is the units digit of m(-2)?
2
Suppose -357*d + 287*d + 1029140 = 0. What is the units digit of d?
2
Let c = -762 - -1632. Suppose 0 = 298*m - 301*m + c. What is the hundreds digit of m?
2
Suppose 14 =